r?
False
Is 25049 a composite number?
True
Is 1306 a prime number?
False
Is 422321 a composite number?
False
Is 170822 a composite number?
True
Is 4699 composite?
True
Is 467981 a prime number?
False
Is 127567 a prime number?
False
Is 37847 a prime number?
True
Is 3793 a composite number?
False
Is 22513 prime?
False
Is 147941 a prime number?
False
Is 10223 composite?
False
Is 41843 prime?
True
Is 60539 prime?
True
Is 13487 prime?
True
Is 198461 prime?
True
Is 12349 a prime number?
False
Is 11549 a composite number?
False
Is 85931 a prime number?
True
Is 23431 a prime number?
True
Is 141734 a composite number?
True
Is 10589 prime?
True
Is 884183 a prime number?
True
Is 8039 composite?
False
Is 3659 prime?
True
Is 1187153 a prime number?
False
Is 992501 composite?
True
Is 7799 composite?
True
Is 2395 a composite number?
True
Is 326773 a prime number?
True
Is 75079 composite?
False
Is 34757 composite?
False
Is 13641 a composite number?
True
Is 49747 a composite number?
False
Is 3203 a composite number?
False
Is 647473 prime?
False
Is 114713 a prime number?
True
Is 972559 a composite number?
True
Is 115249 a prime number?
True
Is 212203 composite?
False
Is 22163 a composite number?
True
Is 304579 a prime number?
False
Is 1217 composite?
False
Is 743 composite?
False
Is 4562 prime?
False
Is 1224329 prime?
True
Is 12611 a composite number?
False
Is 604271 composite?
True
Is 138313 composite?
True
Is 1733 prime?
True
Is 280607 composite?
False
Is 769 prime?
True
Is 21959 a composite number?
True
Is 1039 prime?
True
Is 545 prime?
False
Is 215473 a composite number?
True
Is 167953 prime?
True
Is 1409473 prime?
False
Is 750019 a prime number?
True
Is 416753 composite?
True
Is 4903 composite?
False
Is 24257 a composite number?
True
Is 1219669 composite?
True
Is 682037 composite?
False
Is 26539 a prime number?
True
Is 264507 composite?
True
Is 206561 composite?
True
Is 20741 prime?
False
Is 14047 a composite number?
True
Is 73265 a prime number?
False
Is 12451 composite?
False
Is 54451 a prime number?
False
Is 7039 prime?
True
Is 475873 prime?
False
Is 19769 a composite number?
True
Is 30815 composite?
True
Is 5671 a prime number?
False
Is 839 a prime number?
True
Is 38293 composite?
True
Is 184937 composite?
True
Is 177 composite?
True
Is 571531 a prime number?
True
Is 186559 composite?
True
Is 1205461 composite?
True
Is 381 a composite number?
True
Is 223 a prime number?
True
Is 822887 a composite number?
True
Is 49233 composite?
True
Is 53435 a composite number?
True
Is 24197 a composite number?
False
Is 27929 a composite number?
True
Is 579407 a composite number?
False
Is 315179 a prime number?
True
Is 39679 prime?
True
Is 3265 composite?
True
Is 59459 prime?
False
Is 17071 composite?
True
Is 9509 a composite number?
True
Is 10559 prime?
True
Is 8419 a composite number?
False
Is 27338 prime?
False
Is 213881 composite?
False
Is 1538 prime?
False
Is 2400067 composite?
False
Is 1318235 composite?
True
Is 17833 a composite number?
True
Is 1101979 prime?
False
Is 290903 composite?
True
Is 691 a prime number?
True
Is 9173 a prime number?
True
Is 69737 prime?
True
Is 81335 a prime number?
False
Is 61813 composite?
False
Is 57917 composite?
False
Is 46919 a prime number?
True
Is 66358 a prime number?
False
Is 6239 a prime number?
False
Is 5261 a composite number?
False
Is 625657 composite?
False
Is 21179 a composite number?
False
Is 678809 a prime number?
True
Is 1067687 prime?
True
Is 12799 composite?
False
Is 652117 a composite number?
False
Is 102535 a composite number?
True
Is 16787 prime?
True
Is 153871 a composite number?
False
Is 39394 a prime number?
False
Is 28277 composite?
False
Is 122911 composite?
True
Is 2155 a prime number?
False
Is 4099 a prime number?
True
Is 8501 prime?
True
Is 113437 a prime number?
True
Is 74153 a composite number?
True
Is 36289 a prime number?
False
Is 77149 a composite number?
True
Is 73187 a prime number?
False
Is 10973 a composite number?
False
Is 23761 a prime number?
True
Is 1065931 composite?
True
Is 5489 a composite number?
True
Is 4880813 composite?
True
Is 6983 prime?
True
Is 34583 composite?
False
Is 83197 composite?
True
Is 121337 a composite number?
True
Is 10109 composite?
True
Is 53722 a prime number?
False
Is 24989 a composite number?
False
Is 14786 prime?
False
Is 80506 a composite number?
True
Is 109937 composite?
False
Is 48179 composite?
False
Is 10113 prime?
False
Is 1739 a composite number?
True
Is 44093 a prime number?
False
Is 18017 prime?
False
Is 94321 a composite number?
False
Is 65287 a composite number?
False
Is 9738103 composite?
False
Is 292067 composite?
True
Is 241207 composite?
False
Is 627433 a composite number?
False
Is 59293 prime?
False
Is 6109 prime?
False
Is 35753 composite?
False
Is 754207 a prime number?
True
Is 9601 a prime number?
True
Is 1397 prime?
False
Is 4661 prime?
False
Is 5063 a composite number?
True
Is 964927 a composite number?
False
Is 132409 composite?
False
Is 14263 composite?
True
Is 33931 prime?
True
Is 203173 prime?
True
Is 3821 composite?
False
Is 4811 composite?
True
Is 1059889 a composite number?
False
Is 34315 a composite number?
True
Is 18097 a composite number?
False
Is 16501 composite?
True
Is 191827 a composite number?
False
Is 5969 composite?
True
Is 8203 composite?
True
Is 23703 a composite number?
True
Is 28255 composite?
True
Is 145661 composite?
False
Is 7382 prime?
False
Is 56517 prime?
False
Is 252667 composite?
False
Is 293 a composite number?
False
Is 68053 a composite number?
False
Is 1847 a prime number?
True
Is 3641 a composite number?
True
Is 174223 prime?
False
Is 404813 composite?
True
Is 945647 composite?
False
Is 3754 a prime number?
False
Is 72613 a composite number?
False
Is 139489 a prime number?
False
Is 17707 a prime number?
True
Is 105649 prime?
True
Is 52463 a prime number?
False
Is 314051 a composite number?
True
Is 10435 prime?
False
Is 521 composite?
False
Is 31 a composite number?
False
Is 6185 a composite number?
True
Is 269809 a composite number?
True
Is 307619 composite?
True
Is 201715 a composite number?
True
Is 23269 prime?
True
Is 155047 prime?
True
Is 17153 composite?
True
Is 27397 a prime number?
True
Is 3043 prime?
False
Is 9871 composite?
False
Is 34753 composite?
True
Is 343153 prime?
True
Is 80651 a composite number?
False
Is 1391677 prime?
False
Is 49453 prime?
False
Is 1362265 a composite number?
True
Is 654917 a composite number?
False
Is 5345 composite?
True
Is 2273185 composite?
True
Is 116783 composite?
True
Is 337 a prime number?
True
Is 717413 prime?
True
Is 127337 composite?
True
Is 19163 composite?
False
Is 1517303 a prime number?
False
Is 19661 a prime number?
True
Is 53241 composite?
True
Is 263 prime?
True
Is 184511 composite?
False
Is 5581 composite?
False
Is 124637 a prime number?
False
Is 11152363 composite?
False
Is 188891 a prime number?
True
Is 515567 composite?
True
Is 2459 prime?
True
Is 125329 a composite number?
False
Is 409 prime?
True
Is 5323 a prime number?
True
Is 7979 a composite number?
True
Is 22441 a prime number?
True
Is 55191 composite?
True
Is 79133 a prime number?
True
Is 1363078 a prime number?
False
Is 933797 composite?
False
Is 921 a prime number?
False
Is 39381 a prime number?
False
Is 6401 a composite number?
True
Is 71843 a prime number?
True
Is 422 a prime number?
False
Is 4111 a composite number?
False
Is 3431 a prime number?
False
Is 24493 composite?
True
Is 7091 a prime number?
False
Is 1103 a composite number?
False
Is 12729 a composite number?
True
Is 221 composite?
True
Is 74551 a prime number?
True
Is 1048757 a composite number?
True
Is 6117 prime?
False
Is 445 a composite number?
True
Is 12689 a prime number?
True
Is 158113 a prime number?
True
Is 1218981 a composite number?
True
Is 186469 composite?
False
Is 21305 a composite number?
True
Is 3337 prime?
False
Is 4443 a composite number?
True
Is 699367 composite?
False
Is 50201 prime?
False
Is 154547 a prime number?
False
Is 9781 a composite number?
False
Is 12494 composite?
True
Is 178199 composite?
True
Is 545 prime?
False
Is 2254715 composite?
True
Is 1498663 prime?
False
Is 114151 composite?
True
Is 13649 a composite number?
False
Is 8571 prime?
False
Is 318671 prime?
True
Is 21865 a composite number?
True
I